{"id":5,"date":"2011-11-05T19:55:12","date_gmt":"2011-11-05T19:55:12","guid":{"rendered":"http:\/\/tag-der-erfinder.de\/?page_id=5"},"modified":"2025-11-08T08:10:18","modified_gmt":"2025-11-08T08:10:18","slug":"home","status":"publish","type":"page","link":"https:\/\/tag-der-erfinder.de\/","title":{"rendered":"09.11 ist Tag der Erfinder"},"content":{"rendered":"<p><strong>Der Tag der Erfinder will<\/strong><\/p>\n<p><strong>&#8211;<\/strong> den Menschen Mut machen zu eigenen Ideen, auch wenn man sich mit Ver\u00e4nderungen selten beliebt macht.<br \/>\n<strong>&#8211;<\/strong> erinnern an die vergessenen Erfinder deren Gegenst\u00e4nde wir t\u00e4glich benutzen.<br \/>\n<strong>&#8211;<\/strong> erinnern an die gro\u00dfen Erfinder und Gr\u00fcnder, die Wohlstand und soziale Sicherheit gebracht haben.<br \/>\n<strong>&#8211;<\/strong> dazu verleiten heutige Erfinder, Vision\u00e4re und Spinner mit anderen Augen zu sehen.<br \/>\n<strong>&#8211;<\/strong> zur Diskussion und Mitarbeit aufrufen unsere Zukunft zu gestalten.<br \/>\n<em>Was hat bitte diese sch\u00f6ne Dame mit dem Tag der Erfinder zu tun?<\/em><\/p>\n<p><img loading=\"lazy\" decoding=\"async\" class=\"aligncenter size-full wp-image-1437\" src=\"https:\/\/tag-der-erfinder.de\/wp-content\/uploads\/2011\/11\/hedy-lamarr-erfinderin.jpg\" alt=\"hedy-lamarr-erfinderin\" width=\"205\" height=\"320\" srcset=\"https:\/\/tag-der-erfinder.de\/wp-content\/uploads\/2011\/11\/hedy-lamarr-erfinderin.jpg 205w, https:\/\/tag-der-erfinder.de\/wp-content\/uploads\/2011\/11\/hedy-lamarr-erfinderin-192x300.jpg 192w\" sizes=\"auto, (max-width: 205px) 100vw, 205px\" \/><\/p>\n<p>Diese Dame ist <em>Hedy Lamarr<\/em>, geborene Hedwig Kiesler eine Hollywooddiva und Erfinderin.<br \/>\nSie ist der Prototyp des Erfinders, weil sie eben kein Edison war, sondern einfach jemand der eine Idee hatte und diese umzusetzen versuchte.<br \/>\nReich oder ber\u00fchmt wurde sie damit nicht. (Sie war es ohnedies schon.) Ihre Erfindung aber, das Frequenzsprungverfahren ist heute noch immer gegenw\u00e4rtig wenn wir ein Handy in Betrieb nehmen. [<a href=\"https:\/\/tag-der-erfinder.de\/?page_id=34\">Biografie<\/a>]<br \/>\nIhr zu Ehren, stellvertretend f\u00fcr alle kleinen Erfinder die die Welt bereichern ohne daf\u00fcr reich oder ber\u00fchmt zu werden, wurde ihr Geburtstag, der <strong>9. November<\/strong> zum Tag der Erfinder.<\/p>\n\n\n<p><\/p>\n\n\n\n<h2 class=\"wp-block-heading\" id=\"erfinder\">DU BIST AUCH ERFINDER?<\/h2>\n\n\n\n<div class=\"wp-block-columns is-layout-flex wp-container-core-columns-is-layout-28f84493 wp-block-columns-is-layout-flex\">\n<div class=\"wp-block-column is-layout-flow wp-block-column-is-layout-flow\">\n<h2 class=\"wp-block-heading\">Dein kostenloses Erstgespr\u00e4ch<\/h2>\n\n\n\n<p>Du willst wissen, welche M\u00f6glichkeiten du mit deiner Idee hast und auch welche Kosten auf dich zukommen?<\/p>\n\n\n\n<p>Dann nutze diese Chance!<\/p>\n\n\n\n<p>Im Erstgespr\u00e4ch geht es um diese Fragen (es sei denn, du hast andere):<\/p>\n\n\n\n<ul class=\"wp-block-list\">\n<li><strong>Ist die Idee machbar \/ sinnvoll \/ empfehlenswert?<\/strong><\/li>\n\n\n\n<li><strong>Mit welchen Kosten kann man rechnen (nicht nur unsere Kosten, sondern Gesamtkosten)?<\/strong><\/li>\n\n\n\n<li><strong>Welcher Verwertungsweg (Vorteile und Nachteile)?<\/strong><\/li>\n<\/ul>\n\n\n\n<p><\/p>\n<\/div>\n\n\n\n<div class=\"wp-block-column is-layout-flow wp-block-column-is-layout-flow\">\n<p><strong>Hinterlasse deine Kontaktdaten, damit wir mit dir in Verbindung treten k\u00f6nnen.<\/strong> <\/p>\n\n\n\n<div class=\"wp-block-contact-form-7-contact-form-selector\">\n<div class=\"wpcf7 no-js\" id=\"wpcf7-f2626-o1\" lang=\"de-DE\" dir=\"ltr\" data-wpcf7-id=\"2626\">\n<div class=\"screen-reader-response\"><p role=\"status\" aria-live=\"polite\" aria-atomic=\"true\"><\/p> <ul><\/ul><\/div>\n<form action=\"\/index.php?rest_route=%2Fwp%2Fv2%2Fpages%2F5#wpcf7-f2626-o1\" method=\"post\" class=\"wpcf7-form init\" aria-label=\"Kontaktformular\" novalidate=\"novalidate\" data-status=\"init\">\n<fieldset class=\"hidden-fields-container\"><input type=\"hidden\" name=\"_wpcf7\" value=\"2626\" \/><input type=\"hidden\" name=\"_wpcf7_version\" value=\"6.1.3\" \/><input type=\"hidden\" name=\"_wpcf7_locale\" value=\"de_DE\" \/><input type=\"hidden\" name=\"_wpcf7_unit_tag\" value=\"wpcf7-f2626-o1\" \/><input type=\"hidden\" name=\"_wpcf7_container_post\" value=\"0\" \/><input type=\"hidden\" name=\"_wpcf7_posted_data_hash\" value=\"\" \/>\n<\/fieldset>\n<div class=\"wpcf7-turnstile cf-turnstile\" data-sitekey=\"0x4AAAAAACCCQ9UWzCmjLCd1\" data-response-field-name=\"_wpcf7_turnstile_response\"><\/div>\n\n<p><label> Dein Vorname*<br \/>\n<span class=\"wpcf7-form-control-wrap\" data-name=\"your-vorname\"><input size=\"40\" maxlength=\"400\" class=\"wpcf7-form-control wpcf7-text wpcf7-validates-as-required\" aria-required=\"true\" aria-invalid=\"false\" value=\"\" type=\"text\" name=\"your-vorname\" \/><\/span> <\/label>\n<\/p>\n<p><label> Dein Nachname*<br \/>\n<span class=\"wpcf7-form-control-wrap\" data-name=\"your-nachname\"><input size=\"40\" maxlength=\"400\" class=\"wpcf7-form-control wpcf7-text wpcf7-validates-as-required\" aria-required=\"true\" aria-invalid=\"false\" value=\"\" type=\"text\" name=\"your-nachname\" \/><\/span> <\/label>\n<\/p>\n<p><label> Deine E-Mail-Adresse*<br \/>\n<span class=\"wpcf7-form-control-wrap\" data-name=\"your-email\"><input size=\"40\" maxlength=\"400\" class=\"wpcf7-form-control wpcf7-email wpcf7-validates-as-required wpcf7-text wpcf7-validates-as-email\" autocomplete=\"email\" aria-required=\"true\" aria-invalid=\"false\" value=\"\" type=\"email\" name=\"your-email\" \/><\/span> <\/label>\n<\/p>\n<p><label> Deine Telefonnummer (internationale Schreibweise: +49 176...)<br \/>\n<span class=\"wpcf7-form-control-wrap\" data-name=\"your-sms\"><input size=\"40\" maxlength=\"400\" class=\"wpcf7-form-control wpcf7-tel wpcf7-text wpcf7-validates-as-tel\" aria-invalid=\"false\" value=\"\" type=\"tel\" name=\"your-sms\" \/><\/span> <\/label>\n<\/p>\n<p><label> Deine Nachricht<br \/>\n<span class=\"wpcf7-form-control-wrap\" data-name=\"your-anmerk\"><textarea cols=\"40\" rows=\"10\" maxlength=\"2000\" class=\"wpcf7-form-control wpcf7-textarea\" aria-invalid=\"false\" name=\"your-anmerk\"><\/textarea><\/span> <\/label><br \/>\n<span class=\"wpcf7-form-control-wrap\" data-name=\"acceptance-744\"><span class=\"wpcf7-form-control wpcf7-acceptance\"><span class=\"wpcf7-list-item\"><label><input type=\"checkbox\" name=\"acceptance-744\" value=\"1\" aria-invalid=\"false\" \/><span class=\"wpcf7-list-item-label\">Hiermit erlaube ich Ihnen mich zu kontaktieren<\/span><\/label><\/span><\/span><\/span>\n<\/p>\n<p><input class=\"wpcf7-form-control wpcf7-submit has-spinner\" type=\"submit\" value=\"Senden\" \/>\n<\/p><p style=\"display: none !important;\" class=\"akismet-fields-container\" data-prefix=\"_wpcf7_ak_\"><label>&#916;<textarea name=\"_wpcf7_ak_hp_textarea\" cols=\"45\" rows=\"8\" maxlength=\"100\"><\/textarea><\/label><input type=\"hidden\" id=\"ak_js_1\" name=\"_wpcf7_ak_js\" value=\"2\"\/><script>document.getElementById( \"ak_js_1\" ).setAttribute( \"value\", ( new Date() ).getTime() );<\/script><\/p><div class=\"wpcf7-response-output\" aria-hidden=\"true\"><\/div>\n<\/form>\n<\/div>\n<\/div>\n<\/div>\n<\/div>\n\n\n\n<ul class=\"wp-block-list\">\n<li><\/li>\n<\/ul>\n\n\n\n<h2 class=\"wp-block-heading has-background-color has-primary-background-color has-text-color has-background has-link-color wp-elements-2ac951f795821eafe6452cd1fc734be1\">Dein kostenloser 7-Tage-Erfinder-Kurs<\/h2>\n\n\n\n<div class=\"wp-block-columns is-layout-flex wp-container-core-columns-is-layout-28f84493 wp-block-columns-is-layout-flex\">\n<div class=\"wp-block-column is-layout-flow wp-block-column-is-layout-flow\">\n<p>Hol dir kompaktes Praxiswissen aus 30 Jahren Erfahrung \u2013 direkt in dein Postfach.<\/p>\n\n\n\n<ul class=\"wp-block-list\">\n<li>Gr\u00fcnden oder die Idee verkaufen? Welcher Verwertungsweg zu dir passt.<\/li>\n\n\n\n<li>Was du bei Patenten, Investoren und Lizenzvertr\u00e4gen beachten musst<\/li>\n\n\n\n<li>Welche Fehler fast alle Erfinder machen.<\/li>\n\n\n\n<li>Warum erfolgreiche Erfinder anders denken \u2013 und handeln<\/li>\n\n\n\n<li>Jeden Tag eine kurze, wertvolle Lektion<\/li>\n<\/ul>\n\n\n\n<p>Trage deine E-Mail ein und starte <strong>sofort <\/strong>mit der ersten Lektion<\/p>\n<\/div>\n\n\n\n<div class=\"wp-block-column is-layout-flow wp-block-column-is-layout-flow\">\n<iframe loading=\"lazy\" width=\"540\" height=\"850\" src=\"https:\/\/dbe3697b.sibforms.com\/serve\/MUIFAMrxjlL61jABnkfWDMXE8BX4jbh-LKlQpQ_r2tj1igsQOyx5HMm56VqOedZTumvfa_XwoH65Jz34p8_4Ezr9A2iRarAXxUcsX6izObpchAmWJJ5ZgkqWgvhyCkpO-i47OpI9RDeeCMaiTIfTqxA4FMgjn_HHyF2Y1Lb1Iu1msWDszXksNlmJBEQYvdfvywGkJ5cu8Wi-Z8aH\" frameborder=\"0\" scrolling=\"no\" allowfullscreen style=\"display: block;margin-left: auto;margin-right: auto;max-width: 100%;\"><\/iframe>\n<\/div>\n<\/div>\n\n\n\n<h2 class=\"wp-block-heading has-background-color has-primary-background-color has-text-color has-background has-link-color wp-elements-caff8b96f1be5fc1ba0b1a65f43c1ae2\">Die digitalen Produkte<\/h2>\n\n\n\n<h2 class=\"wp-block-heading\">Ideenverkauf f\u00fcr Spieleerfinder<\/h2>\n\n\n\n<div class=\"wp-block-columns is-layout-flex wp-container-core-columns-is-layout-28f84493 wp-block-columns-is-layout-flex\">\n<div class=\"wp-block-column is-layout-flow wp-block-column-is-layout-flow\">\n<p>Mit diesem Wissen kannst du deine Spieleidee unkompliziert testen und verkaufen.<\/p>\n\n\n\n<p>Du lernst welche Wege es gibt dein Spiel auf den Markt zu bringen.<\/p>\n\n\n\n<p>Richtet sich an jeden der bereits eine Spieleidee hat oder den Berufswunsch Spielautor.<\/p>\n\n\n\n<p>Enthalten<\/p>\n\n\n\n<ul class=\"wp-block-list\">\n<li>200 Spieleverlage<\/li>\n\n\n\n<li>So verdient ein Spielautor Geld<\/li>\n\n\n\n<li>G\u00fcnstige Prototypen und MusterMEH<\/li>\n\n\n\n<li>Schutzrechte und Vertragsgestaltung<\/li>\n\n\n\n<li>Anschreiben Muster<\/li>\n\n\n\n<li>Top Spielregeln schreiben<\/li>\n\n\n\n<li>Crowdfunding f\u00fcr Spielerfinder<\/li>\n\n\n\n<li>Checklisten zur Kontrolle<\/li>\n\n\n\n<li>und vieles mehr<\/li>\n<\/ul>\n<\/div>\n\n\n\n<div class=\"wp-block-column is-layout-flow wp-block-column-is-layout-flow\">\n<figure class=\"wp-block-image size-full\"><a href=\"https:\/\/tag-der-erfinder.de\/wp-content\/uploads\/2025\/11\/Mockup_Spieleerfinder.png\"><img loading=\"lazy\" decoding=\"async\" width=\"558\" height=\"600\" src=\"https:\/\/tag-der-erfinder.de\/wp-content\/uploads\/2025\/11\/Mockup_Spieleerfinder.png\" alt=\"\" class=\"wp-image-2635\" srcset=\"https:\/\/tag-der-erfinder.de\/wp-content\/uploads\/2025\/11\/Mockup_Spieleerfinder.png 558w, https:\/\/tag-der-erfinder.de\/wp-content\/uploads\/2025\/11\/Mockup_Spieleerfinder-279x300.png 279w\" sizes=\"auto, (max-width: 558px) 100vw, 558px\" \/><\/a><\/figure>\n<\/div>\n<\/div>\n\n\n\n<div class=\"wp-block-buttons is-layout-flex wp-block-buttons-is-layout-flex\">\n<div class=\"wp-block-button\"><a class=\"wp-block-button__link wp-element-button\" href=\"https:\/\/www.digistore24.com\/product\/589814\">Buchen und sofort loslegen<\/a><\/div>\n<\/div>\n\n\n\n<hr class=\"wp-block-separator has-alpha-channel-opacity is-style-wide\" style=\"margin-top:var(--wp--preset--spacing--x-small);margin-bottom:var(--wp--preset--spacing--x-small)\"\/>\n\n\n\n<h2 class=\"wp-block-heading\">Ideen verkaufen wie Profis<\/h2>\n\n\n\n<div class=\"wp-block-columns is-layout-flex wp-container-core-columns-is-layout-28f84493 wp-block-columns-is-layout-flex\">\n<div class=\"wp-block-column is-layout-flow wp-block-column-is-layout-flow\">\n<p>Unser Wissen aus 30 Jahren im Patentwesen. Du musst deine Idee nicht selbst zu einem Produkt machen. Gute Ideen sind f\u00fcr Unternehmen sehr viel Geld wert.<\/p>\n\n\n\n<p>Hier erf\u00e4hrst du von den Profis wie man Ideen verkauft und welche Fehler man vermeiden muss.<\/p>\n\n\n\n<p>Aus dem Inhalt<\/p>\n\n\n\n<ul class=\"wp-block-list\">\n<li>Wo du Lizenznehmer findest<\/li>\n\n\n\n<li>Schutz<\/li>\n\n\n\n<li>Alles wichtige zum Verkaufspreis\/Lizenzgeb\u00fchr<\/li>\n\n\n\n<li>Lizenznehmer kontaktieren lernen<\/li>\n\n\n\n<li>Telefoncheckliste<\/li>\n\n\n\n<li>Lizenzvertrag Muster (de\/en)<\/li>\n\n\n\n<li>Musteranschreiben Hersteller<\/li>\n<\/ul>\n<\/div>\n\n\n\n<div class=\"wp-block-column is-layout-flow wp-block-column-is-layout-flow\">\n<figure class=\"wp-block-image size-full\"><a href=\"https:\/\/tag-der-erfinder.de\/wp-content\/uploads\/2025\/11\/Digi_Pack_IdeenVerkauf.png\"><img loading=\"lazy\" decoding=\"async\" width=\"524\" height=\"600\" src=\"https:\/\/tag-der-erfinder.de\/wp-content\/uploads\/2025\/11\/Digi_Pack_IdeenVerkauf.png\" alt=\"\" class=\"wp-image-2636\" srcset=\"https:\/\/tag-der-erfinder.de\/wp-content\/uploads\/2025\/11\/Digi_Pack_IdeenVerkauf.png 524w, https:\/\/tag-der-erfinder.de\/wp-content\/uploads\/2025\/11\/Digi_Pack_IdeenVerkauf-262x300.png 262w\" sizes=\"auto, (max-width: 524px) 100vw, 524px\" \/><\/a><\/figure>\n<\/div>\n<\/div>\n\n\n\n<div class=\"wp-block-buttons is-layout-flex wp-block-buttons-is-layout-flex\">\n<div class=\"wp-block-button\"><a class=\"wp-block-button__link wp-element-button\" href=\"https:\/\/www.digistore24.com\/product\/565275\">Buchen und sofort loslegen<\/a><\/div>\n<\/div>\n\n\n\n<hr class=\"wp-block-separator has-alpha-channel-opacity is-style-wide\" style=\"margin-top:var(--wp--preset--spacing--x-small);margin-bottom:var(--wp--preset--spacing--x-small)\"\/>\n\n\n\n<h2 class=\"wp-block-heading\">Crowdfunding \u2013 Idee finanzieren ohne Schulden (Blitz-Anleitung)<\/h2>\n\n\n\n<div class=\"wp-block-columns is-layout-flex wp-container-core-columns-is-layout-28f84493 wp-block-columns-is-layout-flex\">\n<div class=\"wp-block-column is-layout-flow wp-block-column-is-layout-flow\">\n<p><strong>Werde in Rekordzeit crowdfunding-fit \u2013 mit deiner Blitz-Anleitung!<\/strong><\/p>\n\n\n\n<p>In 48 Stunden bist du so startklar f\u00fcr deine erste Kampagne, als h\u00e4ttest du Wochen investiert.<\/p>\n\n\n\n<ul class=\"wp-block-list\">\n<li>du brauchst noch\u00a0<strong>keine Produkte<\/strong>\u00a0um damit zu starten<\/li>\n\n\n\n<li>du hast\u00a0<strong>keine Schulden bei deinen Unterst\u00fctzern<\/strong><\/li>\n\n\n\n<li>es ist\u00a0<strong>kein Kredit<\/strong><\/li>\n\n\n\n<li>du musst\u00a0<strong>kein Geld zur\u00fcckzahlen<\/strong><\/li>\n\n\n\n<li>der\u00a0<strong>Start dauert wenige Tage<\/strong>, wenn du es eilig hast<\/li>\n\n\n\n<li>durchschnittlicher Kickstarter Erfolg: mehr als\u00a0<strong>21.000,- Dollar<\/strong><\/li>\n<\/ul>\n\n\n\n<p>Ab jetzt in einem Monat kannst du bereits das gesamte Startkapital f\u00fcr deine Idee eingesammelt haben.<\/p>\n\n\n\n<p>Genau das bekommst du mit unserer \u201eQuick &amp; Dirty\u201c-Blitz-Anleitung!<\/p>\n<\/div>\n\n\n\n<div class=\"wp-block-column is-layout-flow wp-block-column-is-layout-flow\">\n<figure class=\"wp-block-image size-full\"><a href=\"https:\/\/tag-der-erfinder.de\/wp-content\/uploads\/2025\/11\/Mockup_crowdfunding_blitz.png\"><img loading=\"lazy\" decoding=\"async\" width=\"558\" height=\"600\" src=\"https:\/\/tag-der-erfinder.de\/wp-content\/uploads\/2025\/11\/Mockup_crowdfunding_blitz.png\" alt=\"\" class=\"wp-image-2637\" srcset=\"https:\/\/tag-der-erfinder.de\/wp-content\/uploads\/2025\/11\/Mockup_crowdfunding_blitz.png 558w, https:\/\/tag-der-erfinder.de\/wp-content\/uploads\/2025\/11\/Mockup_crowdfunding_blitz-279x300.png 279w\" sizes=\"auto, (max-width: 558px) 100vw, 558px\" \/><\/a><\/figure>\n<\/div>\n<\/div>\n\n\n\n<div class=\"wp-block-buttons is-layout-flex wp-block-buttons-is-layout-flex\">\n<div class=\"wp-block-button\"><a class=\"wp-block-button__link wp-element-button\" href=\"https:\/\/www.digistore24.com\/product\/618030\">Buchen und sofort loslegen<\/a><\/div>\n<\/div>\n\n\n\n<hr class=\"wp-block-separator has-alpha-channel-opacity is-style-wide\" style=\"margin-top:var(--wp--preset--spacing--x-small);margin-bottom:var(--wp--preset--spacing--x-small)\"\/>\n\n\n\n<h2 class=\"wp-block-heading\">Crowdfunding XXL \u2013 Werde zum Crowdfunding Profi<\/h2>\n\n\n\n<div class=\"wp-block-columns is-layout-flex wp-container-core-columns-is-layout-28f84493 wp-block-columns-is-layout-flex\">\n<div class=\"wp-block-column is-layout-flow wp-block-column-is-layout-flow\">\n<p>(Mit diesem Wissen kannst du sogar selbst zum Dienstleister f\u00fcr andere Erfinder werden)<\/p>\n\n\n\n<p>Was bekommts du?<\/p>\n\n\n\n<p>21 KAPITEL UNTER ANDEREM:<\/p>\n\n\n\n<ul class=\"wp-block-list\">\n<li>Die Idee \u2013 \u00fcberpr\u00fcfen auf Tauglichkeit<\/li>\n\n\n\n<li>Schutz<\/li>\n\n\n\n<li>Prototyp \u2013 Was brauchts du f\u00fcr Crowdfunding<\/li>\n\n\n\n<li>Preisstrategie<\/li>\n\n\n\n<li>Finanzierungsziel berechnen<\/li>\n\n\n\n<li>Die Story<\/li>\n\n\n\n<li>Videos \u2013 was funktioniert<\/li>\n\n\n\n<li>Rewards<\/li>\n\n\n\n<li>Vor dem Start (f\u00fcr mich am wichtigsten!)<\/li>\n\n\n\n<li>Der perfekte Launch<\/li>\n\n\n\n<li>Zwischenhochs und Flaute \u2013 wie umgehen<\/li>\n\n\n\n<li>Plan B<\/li>\n\n\n\n<li>und weitere erfolgserprobte Lektionen aus der Praxis<\/li>\n<\/ul>\n\n\n\n<p>Mehrere Bonus Kapitel:<\/p>\n\n\n\n<ul class=\"wp-block-list\">\n<li>Bonus \u2013 Plan C \u2013 Scheitern ist keine Option<\/li>\n\n\n\n<li>Bonus \u2013 H\u00e4ufig gestellte Fragen aus der Praxis<\/li>\n\n\n\n<li>Bonus \u2013 story und Learnings einer der gr\u00f6\u00dften Crwodfunding Geschichten aller Zeiten.<\/li>\n\n\n\n<li>Bonus \u2013 Fehler die du vermeiden musst um erfolgreich zu sein.<\/li>\n\n\n\n<li>u.v.m.#<\/li>\n<\/ul>\n\n\n\n<p>Sofortiger Zugriff auf alle Inhalte<\/p>\n\n\n\n<ul class=\"wp-block-list\">\n<li>Kein Fachchinesisch \u2013 verst\u00e4ndlich &amp; direkt umsetzbar<\/li>\n\n\n\n<li>Einmal kaufen,\u00a0<strong>dauerhaft profitieren<\/strong><\/li>\n<\/ul>\n<\/div>\n\n\n\n<div class=\"wp-block-column is-layout-flow wp-block-column-is-layout-flow\">\n<figure class=\"wp-block-image size-full\"><a href=\"https:\/\/tag-der-erfinder.de\/wp-content\/uploads\/2025\/11\/Mockup_crowdfunding_XXL.png\"><img loading=\"lazy\" decoding=\"async\" width=\"558\" height=\"600\" src=\"https:\/\/tag-der-erfinder.de\/wp-content\/uploads\/2025\/11\/Mockup_crowdfunding_XXL.png\" alt=\"\" class=\"wp-image-2638\" srcset=\"https:\/\/tag-der-erfinder.de\/wp-content\/uploads\/2025\/11\/Mockup_crowdfunding_XXL.png 558w, https:\/\/tag-der-erfinder.de\/wp-content\/uploads\/2025\/11\/Mockup_crowdfunding_XXL-279x300.png 279w\" sizes=\"auto, (max-width: 558px) 100vw, 558px\" \/><\/a><\/figure>\n<\/div>\n<\/div>\n\n\n\n<div class=\"wp-block-buttons is-layout-flex wp-block-buttons-is-layout-flex\">\n<div class=\"wp-block-button\"><a class=\"wp-block-button__link wp-element-button\" href=\"http:\/\/www.digistore24.com\/product\/618330\">Buchen und sofort loslegen<\/a><\/div>\n<\/div>\n\n\n\n<p><\/p>\n","protected":false},"excerpt":{"rendered":"<p>Der Tag der Erfinder will &#8211; den Menschen Mut machen zu eigenen Ideen, auch wenn man sich mit Ver\u00e4nderungen selten beliebt macht. &#8211; erinnern an die vergessenen Erfinder deren Gegenst\u00e4nde wir t\u00e4glich benutzen. &#8211; erinnern an die gro\u00dfen Erfinder und Gr\u00fcnder, die Wohlstand und soziale Sicherheit gebracht haben. &#8211; dazu verleiten heutige Erfinder, Vision\u00e4re und &hellip; <\/p>\n<p class=\"link-more\"><a href=\"https:\/\/tag-der-erfinder.de\/\" class=\"more-link\">Mehr <span class=\"screen-reader-text\">\u00fcber &#8222;09.11 ist Tag der Erfinder&#8220; <\/span>Lesen<\/a><\/p>\n","protected":false},"author":3,"featured_media":0,"parent":0,"menu_order":0,"comment_status":"closed","ping_status":"closed","template":"","meta":{"footnotes":""},"class_list":["post-5","page","type-page","status-publish","hentry"],"_links":{"self":[{"href":"https:\/\/tag-der-erfinder.de\/index.php?rest_route=\/wp\/v2\/pages\/5","targetHints":{"allow":["GET"]}}],"collection":[{"href":"https:\/\/tag-der-erfinder.de\/index.php?rest_route=\/wp\/v2\/pages"}],"about":[{"href":"https:\/\/tag-der-erfinder.de\/index.php?rest_route=\/wp\/v2\/types\/page"}],"author":[{"embeddable":true,"href":"https:\/\/tag-der-erfinder.de\/index.php?rest_route=\/wp\/v2\/users\/3"}],"replies":[{"embeddable":true,"href":"https:\/\/tag-der-erfinder.de\/index.php?rest_route=%2Fwp%2Fv2%2Fcomments&post=5"}],"version-history":[{"count":26,"href":"https:\/\/tag-der-erfinder.de\/index.php?rest_route=\/wp\/v2\/pages\/5\/revisions"}],"predecessor-version":[{"id":2639,"href":"https:\/\/tag-der-erfinder.de\/index.php?rest_route=\/wp\/v2\/pages\/5\/revisions\/2639"}],"wp:attachment":[{"href":"https:\/\/tag-der-erfinder.de\/index.php?rest_route=%2Fwp%2Fv2%2Fmedia&parent=5"}],"curies":[{"name":"wp","href":"https:\/\/api.w.org\/{rel}","templated":true}]}}