{"id":7,"date":"2011-11-05T19:58:38","date_gmt":"2011-11-05T19:58:38","guid":{"rendered":"http:\/\/tag-der-erfinder.de\/?page_id=7"},"modified":"2018-05-29T08:45:06","modified_gmt":"2018-05-29T08:45:06","slug":"tag-der-erfinder","status":"publish","type":"page","link":"https:\/\/tag-der-erfinder.de\/?page_id=7","title":{"rendered":"Warum Tag der Erfinder"},"content":{"rendered":"<p>Der Tag der Erfinder wurde ins Leben gerufen um an die Erfinder der Vergangenheit zu erinnern und den Erfindern unserer Zeit den geb\u00fchrenden Respekt zu zollen.<\/p>\n<p>Am Tag der Erfinder soll uns bewusst werden, dass alles was uns umgibt, jeder Gegenstand und jedes Produkt ihren Anfang in der Idee hatte. Erfinder haben unserer Welt zu mehr Positivem verholfen als Politiker oder Feldherren. Dabei standen sie zu Beginn meist alleine da. Gute Ideen sind eben nicht immer auf Anhieb zu erkennen und je gro\u00dfartiger die Erfindung war, umso mehr wurde der Erfinder bel\u00e4chelt.<\/p>\n<p>Den lauten stinkenden Automobilen der Anfangszeit zum Beispiel wurden wenig Zukunftschancen gegeben und auch die ersten Computer machten das Leben nicht wirklich einfacher. Aber gute Ideen setzen sich durch obwohl sie von vielen Seiten bek\u00e4mpft oder bel\u00e4chelt werden.<br \/>\nDen Erfindern unserer Zeit geht es nicht anders. Vermutlich soll und kann es auch gar nicht anders sein. Solange man auf neuen Wegen schreitet und damit auch gegen den Strom schwimmt exponiert man sich selbst.<br \/>\nVielleicht kann ein Tag im Jahr einen kleinen Beitrag leisten. Ein Tag an dem wir an Gutenberg, Benz und Co erinnert werden und uns fragen ob der eine oder andere &#8222;Spinner&#8220; unserer Zeit nicht doch weit mehr zu unserer Welt beitr\u00e4gt als wir im Vorbeigehen sehen.<\/p>\n<p><strong>Ziele:<\/strong><br \/>\nDer Tag der Erfinder soll im laufe der Zeit zu einer fixen Institution werden. Mit Veranstaltungen und Schwerpunkten in Medien soll das Bild des Erfinders in den Augen der \u00d6ffentlichkeit richtig gestellt werden.<\/p>\n<p>In den USA ist ein &#8222;Inventor&#8220; nicht automatisch ein Spinner, der mit blindem Eifer an nutzlosen Sachen herumt\u00fcftelt. Viel eher wird er dort als zuk\u00fcnftiger Unternehmer gesehen, der begriffen hat, dass die Einzigartigkeit und Neuheit eines Produktes ein guter Weg ist sein Geld zu machen. Auch in Asien hat man ein gesundes Verh\u00e4ltnis zu ideenreichen Menschen.<br \/>\nDer Tag der Erfinder soll jedem der eine Idee hat, von der er denkt, dass sie gut ist den Mut geben damit raus zu gehen. Nat\u00fcrlich nicht unbedingt in eine Talkshow, sondern eher zu einem kostenlosen Patensprechtag wie er vielerorts angeboten wird.<br \/>\nNat\u00fcrlich ist auch die Wirtschaft gefragt. Viele heute bekannte Unternehmen g\u00e4be es nicht ohne einen Erfinder mit einer vision\u00e4ren Idee und Mut zur Umsetzung. Die Biografien zeigen, dass es nicht immer leicht ist. Eine Erfindung ist auch kein Garant f\u00fcr finanziellen Erfolg, aber die Vermeidung von Erfinden und Erneuern ist ein Garant f\u00fcr Misserfolg.<br \/>\nDie Unternehmen werden nat\u00fcrlich nicht auf jeden Erfinder zugehen, und deshalb werden am Tag der Erfinder nat\u00fcrlich auch die Erfinder selbst aufgefordert, professionell und als Teamspieler mit Unternehmen in den Dialog zu treten.<br \/>\nKeine Grenzen. Die Notwendigkeit der Anpassung und Erneuerung soll Patentanw\u00e4lte, konkurrierende Vermarkter, Erfinder oder Institutionen in der Sache selbst einen. Kein einzelner soll Nutznie\u00dfer sein, sondern die Sache selbst.<br \/>\nDie Partner dieser Initiative werden alle Seiten gerne bei der Verwirklichung der Ziele unterst\u00fctzen und freuen sich auf jede Anregung und Mithilfe.<\/p>\n","protected":false},"excerpt":{"rendered":"<p>Der Tag der Erfinder wurde ins Leben gerufen um an die Erfinder der Vergangenheit zu erinnern und den Erfindern unserer Zeit den geb\u00fchrenden Respekt zu zollen. Am Tag der Erfinder soll uns bewusst werden, dass alles was uns umgibt, jeder Gegenstand und jedes Produkt ihren Anfang in der Idee hatte. Erfinder haben unserer Welt zu &hellip; <\/p>\n<p class=\"link-more\"><a href=\"https:\/\/tag-der-erfinder.de\/?page_id=7\" class=\"more-link\">Mehr <span class=\"screen-reader-text\">\u00fcber &#8222;Warum Tag der Erfinder&#8220; <\/span>Lesen<\/a><\/p>\n","protected":false},"author":3,"featured_media":0,"parent":0,"menu_order":0,"comment_status":"closed","ping_status":"closed","template":"","meta":{"footnotes":""},"class_list":["post-7","page","type-page","status-publish","hentry"],"_links":{"self":[{"href":"https:\/\/tag-der-erfinder.de\/index.php?rest_route=\/wp\/v2\/pages\/7","targetHints":{"allow":["GET"]}}],"collection":[{"href":"https:\/\/tag-der-erfinder.de\/index.php?rest_route=\/wp\/v2\/pages"}],"about":[{"href":"https:\/\/tag-der-erfinder.de\/index.php?rest_route=\/wp\/v2\/types\/page"}],"author":[{"embeddable":true,"href":"https:\/\/tag-der-erfinder.de\/index.php?rest_route=\/wp\/v2\/users\/3"}],"replies":[{"embeddable":true,"href":"https:\/\/tag-der-erfinder.de\/index.php?rest_route=%2Fwp%2Fv2%2Fcomments&post=7"}],"version-history":[{"count":1,"href":"https:\/\/tag-der-erfinder.de\/index.php?rest_route=\/wp\/v2\/pages\/7\/revisions"}],"predecessor-version":[{"id":1390,"href":"https:\/\/tag-der-erfinder.de\/index.php?rest_route=\/wp\/v2\/pages\/7\/revisions\/1390"}],"wp:attachment":[{"href":"https:\/\/tag-der-erfinder.de\/index.php?rest_route=%2Fwp%2Fv2%2Fmedia&parent=7"}],"curies":[{"name":"wp","href":"https:\/\/api.w.org\/{rel}","templated":true}]}}